 + 9. Let m be (-32)/14 + o*1/21. Let d(i) = 2*i - 9*i**2 + 7*i**2 - 5*i. Determine d(m).
-2
Let f = -340 - -347. Let b = f - 5. Let x(u) = -3*u**2 + 4*u - 3. What is x(b)?
-7
Let x(c) = -c**3 + c**2 - 2*c + 4. Let y(r) = -2*r**3 + r**2 - 3*r + 9. Let s(o) = -5*x(o) + 2*y(o). Let a = -611 + 613. Determine s(a).
2
Suppose 4*p + o = -16, 23 = -4*p - 5*o - 9. Let b(t) = -6*t - 2. Let f(w) = 5*w + 1. Let i(m) = p*f(m) - 2*b(m). Suppose -7 = 8*k + 1. Determine i(k).
4
Let r(q) = -4*q - 22. Let a(i) = -i**2 + 27*i - 56. Let o be a(25). Let l be r(o). Let t(m) = -4 + 2*m + 2 - m**2 - 2*m**2. Determine t(l).
-10
Let l(s) = 2 + 14275*s**2 + 4*s - 27*s**3 + 28*s**3 - 14271*s**2. Determine l(-2).
2
Let m(v) = -130*v - 37*v - 5 + 193*v - 48*v - 5. Calculate m(-1).
12
Suppose 2*w - 12 = 2*x, 2*x - x + 2*w = -21. Let h(n) = -n**2 - 10*n + 29. Let k(u) = -10*u**2 - 100*u + 300. Let v(o) = -21*h(o) + 2*k(o). Determine v(x).
2
Let g(m) = m**2 + 2*m + 3. Let a = 134 + -87. Suppose 6 = a*d - 50*d. Give g(d).
3
Let a(s) = s**3 - 3*s**2 - 3*s - 4. Let b(q) = 42*q - 42*q + 4 + q**3 - 2*q**2. Suppose -7 = 9*n - 25. Let r be b(n). Determine a(r).
0
Suppose g = 129 - 26. Suppose 9 = 4*l - g. Let w = -26 + l. Let a(y) = y**3 - 3*y**2. Calculate a(w).
-4
Let c(n) = 5 + 3755*n + 4*n**2 + 9 - 3747*n + 6 - 3*n**2. Give c(-6).
8
Let i(f) = 5*f - 3 + f + 1 - 3*f. Let r(a) be the third derivative of a**4/24 - a**2 + 175. Let q(l) = 2*i(l) - 5*r(l). Determine q(3).
-1
Suppose -33 = -t - 4*c, 4*c = 4*t + 5*c - 132. Let u(j) = -16 + j**3 + 8*j + 9*j**2 - 20 + t. Give u(-8).
-3
Let r(t) be the first derivative of -t**4/4 - 4*t**3 + 5*t**2/2 - 14*t + 3647. Give r(-13).
90
Suppose -2*o = 4*u + 28, -1158 = 3*o + 5*u - 1119. Let b(d) = -d**3 - 9*d**2 - 7*d + 12. Give b(o).
4
Let a(m) = 2*m**2 - 11*m - 6. Let i be ((-45)/9 - -5) + 6. Determine a(i).
0
Let n(d) = 15*d**2 - 2*d + 27 + 6*d + 13*d - 3*d - d**3. Let h be n(16). Let q(k) = 6*k - 1. Determine q(h).
-31
Let o(m) be the second derivative of -m**5/20 - 2*m**4/3 + 784*m. Suppose 5*d = 9 + 6, d - 27 = 3*c. What is o(c)?
0
Let y(x) = 6 + 7*x**2 + 0*x**3 - x**3 - 14*x + 6*x**3 + 0*x**3. Let h(r) = 2*r**3 + 2*r**2 - 5*r + 2. Let t(m) = 8*h(m) - 3*y(m). What is t(5)?
8
Let m(n) = -n. Let k(x) = -2*x - 18. Let s be k(11). Let u = s + 43. Suppose -3*v - 5*r - 1 = -3, 4*r - 1 = -u*v. What is m(v)?
1
Suppose -284*u - 4 = 2*h - 286*u, 2*u + 26 = -3*h. Let f(k) = 3*k**2 + 15*k + 14. Give f(h).
32
Let j(u) be the first derivative of -99*u**2/2 + 200*u - 2754. Give j(2).
2
Let h(l) = 7*l + 42. Let b(p) = p. Let d(s) = -2*b(s) + h(s). Let j be d(-7). Let x(c) = -5 - c**2 + 3*c - j*c - 3*c. Determine x(-4).
7
Let s(j) = -j**2 - 17*j - 50. Let t be (-5 - -1)*(-1 - 34/(-8)). Let x be s(t). Let b(k) = -4*k + 3. Determine b(x).
-5
Let u(j) be the third derivative of j**6/360 + 3*j**5/40 + j**4/3 - 25*j**3/3 + 45*j**2. Let b(k) be the first derivative of u(k). Determine b(-8).
0
Let x(c) be the first derivative of 0*c**2 - 1/12*c**4 - c**3 + 0*c + 1/120*c**5 + 6. Let d(t) be the third derivative of x(t). Calculate d(0).
-2
Let x(k) = -72*k**3 - 478*k**2 - 376*k - 755. Let p(i) = 5*i**3 + 34*i**2 + 27*i + 54. Let y(l) = 29*p(l) + 2*x(l). Calculate y(-29).
-2
Let v(z) be the first derivative of -2*z**3 + z**2/2 - 2*z - 927. Calculate v(4).
-94
Let f(t) = -2*t + 33. Let m(c) = 99*c - 476. Let w be m(5). Determine f(w).
-5
Let z(s) = 41*s**2 - 70*s + 4. Let n(d) = 11*d**2 - 18*d + 1. Let t(a) = -15*n(a) + 4*z(a). Let p = -9 - 0. Determine t(p).
10
Let n(p) be the third derivative of -p**6/120 + p**5/15 - p**4/6 - 140*p**2. Suppose 33 = 7*f + 5. Give n(f).
-16
Let x(h) be the second derivative of 9*h**5/20 + h**4/12 - h**3/2 - 5*h**2/2 + 4546*h. What is x(-2)?
-67
Let g be -2 + 1*(-21)/(2 + -5). Let n(a) = -5 + 142*a + 4 + g - 144*a. Let b(d) = -6*d**3 - 2*d - 1. Let h be b(-1). Calculate n(h).
-10
Let r(n) = -3*n**2 + 215*n - 547. Let i be r(69). Let p(k) = -k**3 - k**2 + k. Let t(m) = -3*m**3 + 4*m**2 - 4*m + 7. Let z(s) = -2*p(s) + t(s). Determine z(i).
2
Let f(q) be the first derivative of -q - 4/3*q**3 + 56 - q**2. What is f(-2)?
-13
Let k(d) = d**2 - 44*d + 59. Let l(s) = -s**2 + 41*s - 57. Let u(v) = 9*k(v) + 10*l(v). Give u(3).
-6
Let v(x) = x**3 - 4*x**2 + 3*x - 1. Suppose 367*i + 3*o = 364*i - 12, -2*o = -i + 17. Calculate v(i).
-1
Let y(j) = -j + 16. Let z(b) be the second derivative of -8*b**3/3 + 46*b**2 - 2*b - 2. Let p be z(5). Determine y(p).
4
Let b(j) = -j**3 - 75 + 149 - 86 + 9*j**2. Determine b(9).
-12
Let t(o) = -5 - 7*o - 4 - 7 + 2*o. Let c be 1/2*-2 - (-12)/(-3). What is t(c)?
9
Suppose c + g + 28 = 3*c, 52 = 3*c - 4*g. Suppose -s - 5 = 0, -s = 2*f + 3*s + c. Suppose 4 = 2*q - f*q. Let p(j) = -j**3 + 2*j + 2. Give p(q).
6
Let b(u) = -u**3 + 5*u**2 + u - 3. Suppose 6 - 38 = -16*p. Suppose -5*x = -2*v + 5 + 5, p*x + 25 = 5*v. Calculate b(v).
2
Let p be 6 - 0 - (20 - 16). Let g(a) = -19*a**2 - 7*a - a + 30*a**p - 12*a**2 + 1. Give g(-8).
1
Let i(x) = -2*x + 33 + 33 - x**2 - 65. Suppose -5*v + p - 15 = 27, 4*p = -v. Let a be ((-10)/v)/((-1)/4). Give i(a).
-14
Let t = 168 + -173. Let u(z) = -2*z**2 - 3*z + 1. Let d(m) = 2*m**2 + 4*m - 1. Let y(a) = -4*d(a) - 3*u(a). Calculate y(t).
-14
Let n = 2650 + -2659. Let g(a) = -7 + 5*a**2 - 4 + 5*a**2 + 9*a + 2 + a**3. Determine g(n).
-9
Let g(o) = -87 - o**2 - 6*o + 163 + 0*o**2 - 83 + 3*o**2. Let t(y) = y**3 + 3*y**2 - 6*y - 3. Let j be t(-4). Determine g(j).
13
Let t(s) = -2*s + 15. Let m be t(8). Let u(q) = 2*q - 1. Let l(v) = 4. Let b(d) = m*u(d) - l(d). Give b(4).
-11
Let i = 20 + -29. Let u(n) be the third derivative of n**6/120 + n**5/6 + n**4/2 + 2*n**3/3 - 92*n**2. What is u(i)?
-23
Suppose 158*s = 160*s. Let u(a) be the third derivative of -a**5/60 - a**4/24 + 3*a**3/2 + 2*a**2. What is u(s)?
9
Let t(k) = 16*k - 12. Let o be t(2). Suppose 4*h = 5*j + o, h + 17 = -5*j - 3. Let u(w) = -2*w**3 + 2*w + 0*w**3 - 6 + 8 + h*w**3. Calculate u(-2).
14
Let t(w) = w**2 + 47*w + 223. Let j = 24585 - 24590. Calculate t(j).
13
Let p(z) = -5*z**3 - 24*z**2 - 201*z - 19. Let h(l) = -11*l**3 - 49*l**2 - 429*l - 37. Let w(k) = -6*h(k) + 13*p(k). What is w(20)?
-5
Let n(s) = -s**3 + 5*s**2 - 3*s + 3. Let a(f) = -23*f - f**3 - 123 + 195 - 12*f**2 - 97. Let g be a(-10). Give n(g).
-12
Suppose 3*i + 0*i - 7*i = 0. Suppose 5*u + 8 = 2*s, i = 2*s + 4*u + 1 + 27. Let a(r) = -r - 9. Give a(s).
-3
Let d(o) = o**3 - 6*o**2 + 11*o - 10. Let p be d(4). Let k be 14/p + 6/(-6). Let f(z) = z**2 - 8*z + 6. Give f(k).
-6
Suppose 3*i - 5*l = -2*l + 3, 2*l = -2*i + 6. Suppose 3*o - 4*w + 8 = 0, 4*w = -i*o - 4 + 12. Suppose o = 25*b - 17*b + 64. Let r(g) = g + 3. What is r(b)?
-5
Let i(p) = -63*p - 5475. Let w be i(-87). Let u(a) = -4*a**2 - a - 7. Give u(w).
-157
Let u(y) = 15*y + 1. Suppose 2*n + 2*k = -5 - 7, 0 = n - 5*k - 18. Let b be -3 - (n/7 + 15/(-21)). Determine u(b).
-29
Let d(w) be the second derivative of w**3/2 + 13*w**2/2 + 261*w + 2. Suppose -3*t + 2*i - 22 = 3*i, -5*t - 33 = -2*i. Give d(t).
-8
Let i(t) be the first derivative of t**5/120 - t**4/8 - 2*t**3/3 - 11*t**2 + 7. Let m(p) be the third derivative of i(p). Give m(3).
0
Let m(c) be the third derivative of c**4/12 - 35*c**3/6 + 1638*c**2. Calculate m(19).
3
Suppose 0 = 3*j - 7*j - 20. Let k = j - -3. Let i(c) = -3*c**2 - 7*c - 3. Let x(u) = -u**2 - 1. Let f(b) = k*x(b) + i(b). Calculate f(-6).
5
Let c(w) = w**2 + 6*w + 40. Let m(s) = s**2 + 7*s + 30. Let j(o) = 2*c(o) - 3*m(o). Suppose -5 = 4*l + 3. Let n be (-21)/(-6)*(0 + l). What is j(n)?
4
Let k(o) = 6*o**3 - 17*o**2 + 41*o - 10. Let a(h) = -5*h**3 + 14*h**2 - 35*h + 9. Let g(c) = 7*a(c) + 6*k(c). Give g(4).
7
Let u(b) = -2*b + 1. Suppose 2*h - 5*x - 41 = 0, 9 = 2*x + 7. Determine u(h).
-45
Let q(l) = -3*l - 7. Suppose 3 = 3*g - 2*k - 9, 0 = 3*k - 9. Suppose -n + 2*d - g = -2*d, -n - d = -14. Suppose 6*h = -n - 26. Determine q(h).
11
Let g(k) = k**2 - k - 1. Let c = -659 - -422. Let i = -239 - c. What is g(i)?
5
Suppose 15*x + 45 = 225. Let d(k) = -k**3 + 13*k**2 - 10*k - 16. Determine d(x).
8
Let x(c) = -c**2 - 1. Let a(d) = 7*d**2 + d - 4. Let r(f) = -a(f) - 4*x(f). Let p be r(2). Let t(b) = -b**3 - 6*b**2 - 2*b - 8. Determine t(p).
4
Let p(c) be the third derivative of c**5/60 - 17*c**4/